+ -203. Give p(w).
17
Let h = -2916 - -2916. Let m(c) be the first derivative of -2 + h*c + 1/2*c**2. Give m(0).
0
Let u = 26 + -23. Let y(b) = 7*b + 1. Let z(d) = -31*d - 5. Let c(x) = -9*y(x) - 2*z(x). What is c(u)?
-2
Let g(b) = -b**3 - 8*b**2 - 5*b + 6. Let q = 712 - 719. Determine g(q).
-8
Let c(j) = j**2 + 4*j + 5. Let r(i) = -127*i - 256. Let q be r(-2). What is c(q)?
1
Let n(q) = -3*q**2 + 4*q - 4. Let l(u) = 4*u**2 - 7*u + 7. Let m(v) = -6*l(v) - 11*n(v). Calculate m(2).
34
Let f(b) = 3*b**3 - 11*b**2 - 43*b + 2. Let d be f(6). Let l(t) = -t**3 - 7*t**2 - 4*t + 5. What is l(d)?
-27
Let s = -9 - -6. Let d(h) be the first derivative of h**5/20 + h**4/6 - h**3/6 + 2*h**2 - 2*h - 1. Let j(v) be the first derivative of d(v). Determine j(s).
-2
Let q(o) be the third derivative of o**5/60 + 11*o**4/24 + 7*o**3/3 + 54*o**2. Calculate q(-8).
-10
Let b(z) = 3*z + 10. Let m(k) be the second derivative of 2*k**3/3 + 11*k**2/2 + 26*k. Let h(y) = 5*b(y) - 4*m(y). Give h(11).
-5
Let h = -9 + 5. Let z(o) = 16489 - 8247 - 2*o - 8248. Give z(h).
2
Let n(i) = 2*i**3 - 2*i**2 - 2*i. Suppose -32*x - 1440 = 16*x. Let u(a) = a**2 - a + 2. Let k be u(2). Let j be 6/k*(-40)/x. What is n(j)?
4
Let j(z) = -z - 8. Suppose 7*x = 15*x - 48. What is j(x)?
-14
Let o(a) = 2*a - 6. Let n(p) = -42*p - 117. Let v be n(-3). Determine o(v).
12
Let q(v) be the first derivative of -1/4*v**4 - 8/3*v**3 - 8*v - 5*v**2 - 37. Calculate q(-7).
13
Let c(m) be the second derivative of -m**4/12 - 13*m**3/6 - 5*m**2/2 + 3*m - 7. Give c(-12).
7
Let f be 2/8 + 3*215/60. Let g(o) = o**2 - 12*o - 12. Determine g(f).
-23
Let p(d) = -d**3 - 70*d**2 - 139*d - 210. Let w be p(-68). Let l(q) = -q**2 - 4*q + 6. Calculate l(w).
-6
Let s(b) = 0*b - 1 - 7 + b. Let t = -20 + 24. Suppose k = -t*k. Give s(k).
-8
Let s(c) = -1 + 7*c**2 - 2*c**3 + 3*c**3 + 2*c + 3*c. Let i(j) = 24*j**3 + j**2 + j - 2. Let a be i(1). Suppose -19*v + a*v + 30 = 0. What is s(v)?
5
Let q = 2 - -3. Suppose r = -0*r - 5*v + 22, 0 = -q*r + 3*v - 2. Let y(j) = -4 + 0*j + 3*j + 2 - j**2. Give y(r).
0
Let y(i) = 3*i**2 - 6*i + 1. Let d = -452 + 456. Give y(d).
25
Suppose -4*u + 39 = -5*h, 2*u + 4*h + 42 = 7*u. Let t(f) = 477*f**2 + u*f - 3 - 476*f**2 + 0. What is t(-5)?
-8
Let b(z) = z**3 - 9*z**2 - 8*z - 5. Let f(s) = -6*s**3 + 46*s**2 + 41*s + 25. Let t(p) = -11*b(p) - 2*f(p). What is t(-6)?
5
Let l(j) = 47*j**3 - 43*j**2 - 25*j - 8. Let k(p) = -18*p**3 + 17*p**2 + 10*p + 3. Let r(m) = -13*k(m) - 5*l(m). Give r(-5).
1
Let l = 26 - -48. Let x(m) = 5*m + 77 + l - 224 + 70. Give x(6).
27
Let r(v) = -4*v - 6. Suppose 0 = -n - 3*n - a - 157, 2*n + 3*a = -81. Let y = 35 + n. Determine r(y).
10
Let q(h) = 3*h**2 + 10*h**2 - 15*h**2 - 11 - 3*h**2 + 2 + h**3. Give q(5).
-9
Let s(h) = h + 1. Let k(b) = -b - 13. Let m(w) = 2*k(w) + 4*s(w). Determine m(8).
-6
Let d be (-3 - 0) + -3 + 2. Let v be 4/((0 - d)/4). Suppose 3*k - 3 = v*s, 3*s - k = -3*k + 2. Let g(c) = c**2 - c - 2. Determine g(s).
-2
Let k(f) = -1. Let z(r) = r**3 + 6*r**2 + 8*r + 10. Let h(g) = k(g) + z(g). Give h(-5).
-6
Let y(s) = 3*s**3 + 5*s**2 - 4*s + 3. Let a(c) = 2*c**3 + c. Let f(n) = 2*a(n) - y(n). Calculate f(5).
27
Let l be (-9 - (-6 + 1)) + -5. Let y(t) = 4*t**2 + 6*t + 11. Let b(k) = -5*k**2 - 5*k - 12. Let o(m) = -3*b(m) - 4*y(m). What is o(l)?
-8
Let i(u) be the first derivative of -u**3/3 + u**2/2 - u + 3. Let p(l) be the first derivative of i(l). Let q be (27/18)/((15/(-8))/(-5)). Give p(q).
-7
Let v(a) = -2*a. Let m(k) = 5*k - 8. Let q(s) = m(s) + v(s). Calculate q(7).
13
Suppose -39*l = -37*l + 160. Let n = l - -86. Let d(a) = a**3 - 6*a**2 - 4*a + 9. What is d(n)?
-15
Let i(v) = 97*v**2 - 98*v**2 - 26*v + 9*v + 2 - 6 + 16*v. Calculate i(4).
-24
Let c = 18 + -10. Let g(s) = 7*s - 3*s - 7*s + 5*s + c. Let r = 6 - 13. Give g(r).
-6
Let s(v) be the first derivative of 1/60*v**5 + 3 - 1/24*v**4 + 1/3*v**3 + 0*v + 3/2*v**2. Let f(m) be the second derivative of s(m). Calculate f(2).
4
Let g(d) be the first derivative of -2*d**3/3 + 3*d**2 + 4*d + 580. What is g(5)?
-16
Let x(s) = -3*s. Let h(f) = -f + 3. Let q(v) = 3*v - 7. Let d(y) = 5*h(y) + 2*q(y). Let u(i) = 5*d(i) + x(i). Let n be (-2)/(-3) + (-70)/15. Give u(n).
-3
Let x(o) be the first derivative of o**4/4 - 2*o**3 + 3*o**2 + 2*o + 12. Let v be (-15)/(-12)*12/3. Calculate x(v).
7
Let l(i) = -194 + 2*i**2 - i**3 + 13*i + 189 - 6*i. Suppose -2*o - 80 = 2*o. Let g be (-88)/o + (-4)/10. Determine l(g).
-9
Let f(d) be the first derivative of d**3/3 - 3*d**2/2 - d + 147. Calculate f(3).
-1
Suppose 0 = 4*r + 16 + 16. Let s(j) = -j**2 - 7*j + 10. Determine s(r).
2
Let u(k) = -3*k**2 - 11*k + 15. Let g(y) = -y + 1. Let q(d) = 26*g(d) - 2*u(d). Calculate q(-3).
62
Let z(j) be the third derivative of -j**6/120 + 2*j**5/15 + 7*j**4/24 + 13*j**3/6 - 18*j**2. Give z(9).
-5
Let z(n) be the second derivative of 3/2*n**3 + 3*n**2 + 1/12*n**4 - 19*n + 0. Give z(-7).
-8
Let d(j) = -4*j**2 - 2*j - 2. Let m(k) = k**2 - 5*k + 4. Let x be m(5). Let c be x/(-3)*(-6)/(-4). Determine d(c).
-14
Let t(g) = -4*g**2 + 2*g**2 + 5 - 4*g**2 + g**3 + 9*g - 6*g**2. Calculate t(11).
-17
Let v(m) be the first derivative of -m**3/3 - 5*m**2/2 + 9*m - 288. Calculate v(-6).
3
Let m(d) = -d**3 - 8*d**2 - d. Let k be m(-8). Let a(t) be the third derivative of -t**4/24 + 5*t**3/3 - 11*t**2. Determine a(k).
2
Let m = -1010 + 1005. Let y(r) = r**2 + 2*r - 21. Determine y(m).
-6
Let s(t) be the third derivative of -1/120*t**5 + 0*t + t**2 + 1/24*t**4 - 5/6*t**3 + 0. Let y(z) be the first derivative of s(z). Determine y(5).
-4
Let l(c) = -c - 2. Suppose 0 = -24*b - 1 - 47. What is l(b)?
0
Let w be 0/(-7*3/(-21)). Let j(u) be the third derivative of 5*u**2 + w - 1/6*u**3 + 1/24*u**4 + 0*u. Calculate j(-3).
-4
Let j(t) = 5*t**2 - 4*t**2 + 15 - 44 + 20 + 12 + t. Calculate j(0).
3
Let f = 88 - 85. Let l(w) = -2*w - 5 + f - 3 + 7. Give l(5).
-8
Let o(f) = 3*f**2 - 4*f**2 - 437*f - 1 + 872*f - 436*f. Suppose -13 + 33 = 5*v. Suppose 2*n + 8 = -v*l, 2*n - 7*n - 4*l = 2. Calculate o(n).
-7
Let g(i) be the first derivative of 1/60*i**5 + 0*i**2 + 7/24*i**4 - 5/3*i**3 - 3 + 0*i. Let a(m) be the third derivative of g(m). Calculate a(-6).
-5
Suppose 3*v - 45 = -9. Let p(t) = -12 - v + 24 - 2*t. Determine p(1).
-2
Let b(i) = -2*i**3 - i**2 + 2*i - 1. Suppose -5*m + 4*a + 10 = 0, 0 = -4*m + 4*a + a + 8. Give b(m).
-17
Let g(w) be the first derivative of w**4/4 + 8*w**3/3 + 7*w**2/2 + 2*w - 4265. Let r(d) = d**2 - 9*d + 7. Let p be r(7). Calculate g(p).
2
Let t(c) = c**3 + 11*c**2 - 10*c + 23. Let q(r) = -8*r**2 - 6*r + 8. Let y be q(-2). Determine t(y).
-1
Let x(h) be the first derivative of h**6/120 + h**5/10 + h**4/4 + h**3/3 - 9*h**2/2 - 2. Let a(y) be the second derivative of x(y). Give a(-5).
-3
Let b be -3*1*(-1 - 0). Suppose b*s + s = -2*x, 0 = 4*s + x - 2. Let p(z) = -2 - 6*z**2 + 3*z + 2 - 4*z + 1. Calculate p(s).
-6
Suppose 4*k - 16 = 48. Suppose 2*h = 14 - k. Let c(b) = -b + 1. Calculate c(h).
2
Let z(x) = -x**2 + 10*x + 3. Suppose -2*m - 36 = -3*l, 2*l + 4*m - 5 = 3. Let i be z(l). Let q(d) = 2*d**2 - 4*d**3 + d**2 - 2 + i*d**3. Calculate q(2).
2
Let a(t) = -t + 9. Suppose -8 = 6*s - 4*s, s - 17 = -3*l. Give a(l).
2
Let n(u) be the third derivative of -u**6/120 - u**5/15 + u**4/24 - u**3 + 298*u**2. Determine n(-5).
14
Suppose -4*s + 2*t + 14 = 0, -4*t + 2*t - 10 = -2*s. Suppose j + 12 = 5*j, 2*l = s*j - 20. Let w be ((-1)/2)/(l/(-28)). Let p(y) = 2*y. Give p(w).
-4
Let z = -210 - -213. Let c(i) = 2*i + 4*i - 2*i - 2*i**2 - 1. Calculate c(z).
-7
Let u(t) = t - 1. Let b(y) = -7*y + 1 + 8*y + 7*y. Let l(i) = 7*i. Let f(h) = 5*b(h) - 6*l(h). Let x(r) = -f(r) - 3*u(r). Determine x(-6).
4
Let h(d) = -d**2 - 4*d + 1. Suppose 7*l + 66 = 10. Determine h(l).
-31
Let s(i) = i**3 + 6*i**2 + 4*i - 8. Let x(f) = -2*f**3 - 6*f**2 - 6*f + 8. Let l(b) = 3*s(b) + 2*x(b). What is l(6)?
-8
Let s be 104/(-39)*(-18)/(-8). Suppose 0*y + y = 2. Let t(x) = 5*x**2 - x + x**3 + 3 - 2*x**y + 3*x**2 - 5. Calculate t(s).
4
Let j(s) = s**2 - 7 + 2 - 6*s - 5. Let n = 257 - 250. What is j(n)?
-3
Let j(y) be the second derivative of y**8/6720 - y**7/504 + y**5/120 + 29*y**4/12 + 23*y. Let m(r) be the third derivative of j(r). What is m(5)?
1
Let i = 461 - 465. Let o(j) be the thir